{"id":2,"date":"2020-12-14T01:29:53","date_gmt":"2020-12-14T01:29:53","guid":{"rendered":"https:\/\/suadiyedenetim.com.tr\/demo\/?page_id=2"},"modified":"2022-10-11T09:24:43","modified_gmt":"2022-10-11T09:24:43","slug":"anasayfa","status":"publish","type":"page","link":"https:\/\/suadiyebilisim.com\/","title":{"rendered":"Anasayfa"},"content":{"rendered":"<p>[vc_row no_padding=&#8221;yes&#8221;][vc_column el_class=&#8221;mb-0&#8243;][vc_raw_html el_class=&#8221;shape-divider shape-divider1 mb-0&#8243;]JTNDc3ZnJTIwdmVyc2lvbiUzRCUyMjEuMSUyMiUyMHhtbG5zJTNEJTIyaHR0cCUzQSUyRiUyRnd3dy53My5vcmclMkYyMDAwJTJGc3ZnJTIyJTIweG1sbnMlM0F4bGluayUzRCUyMmh0dHAlM0ElMkYlMkZ3d3cudzMub3JnJTJGMTk5OSUyRnhsaW5rJTIyJTIweCUzRCUyMjBweCUyMiUyMHklM0QlMjIwcHglMjIlMjB2aWV3Qm94JTNEJTIyMCUyMDAlMjAxOTIwJTIwNTc2JTIyJTIwcHJlc2VydmVBc3BlY3RSYXRpbyUzRCUyMm5vbmUlMjIlM0UlMEElMDklMDklMDklMDklMDklMDklMDklM0NwYXRoJTIwY2xhc3MlM0QlMjJjdXN0b20tc3ZnLWZpbGwtY29sb3ItdGVydGlhcnklMjIlMjBkJTNEJTIyTS0xMiUyQzY2YzEzLjM1JTJDNDAuMDMlMkMyOC4zNSUyQzcyLjYyJTJDNDElMkM5N2MxMi43OCUyQzI0LjYzJTJDMzAuNTYlMkM1OC40NCUyQzYyJTJDOTdjMTkuNTclMkMyNCUyQzM2LjY2JTJDNDAuMzElMkM0OSUyQzUyJTBBJTA5JTA5JTA5JTA5JTA5JTA5JTA5JTA5YzQxLjAyJTJDMzguODclMkM3Ny4xJTJDNjIuODIlMkM4NSUyQzY4YzUzLjc4JTJDMzUuMjMlMkMxMDAuOTIlMkM1MS4zJTJDMTQ4JTJDNjdjODcuNiUyQzI5LjIxJTJDMTU4LjQ5JTJDMzcuOTglMkMyMDElMkM0M2M2My45JTJDNy41NSUyQzExMi4wOCUyQzcuNzglMkMxNjAlMkM4JTBBJTA5JTA5JTA5JTA5JTA5JTA5JTA5JTA5YzE2LjUyJTJDMC4wOCUyQzg0LjQxJTJDMC4xNyUyQzE4MS04Yzk4Ljg4LTguMzYlMkMxNzIuNDMtMjAuNyUyQzIzMy0zMWM0Mi44OC03LjI5JTJDMTQxLjMxLTI0Ljg1JTJDMjY3LTU2YzEyNy4wNi0zMS41JTJDMjIwLjY2LTYxLjY5JTJDMjk2LTg2JTBBJTA5JTA5JTA5JTA5JTA5JTA5JTA5JTA5Yzg5LjI3LTI4LjglMkMxNTkuNTgtNTQuNjglMkMxNzQtNjBjMTYuNi02LjEzJTJDMzAuMzktMTEuMzQlMkM0MC0xNWMwJTJDMTEzLjMzJTJDMCUyQzIyNi42NyUyQzAlMkMzNDBjLTY0NC4zMyUyQzAtMTI4OC42NyUyQzAtMTkzMyUyQzAlMEElMDklMDklMDklMDklMDklMDklMDklMDlDLTkuMzMlMkM0MTAtMTAuNjclMkMyMzgtMTIlMkM2NnolMjIlM0UlM0MlMkZwYXRoJTNFJTBBJTA5JTA5JTA5JTA5JTA5JTA5JTA5JTNDcGF0aCUyMGZpbGwlM0QlMjIlMjNGRkYlMjIlMjBkJTNEJTIyTS01JTJDM2MxLjIxJTJDNS4zMiUyQzIuOTglMkMxMy4yOSUyQzUlMkMyM2M0LjM4JTJDMjEuMDglMkM2LjcxJTJDMzQuOTUlMkM4JTJDNDJjNy4wOCUyQzM4LjYlMkMxOS43JTJDNzEuNTQlMkMyNiUyQzg4JTBBJTA5JTA5JTA5JTA5JTA5JTA5JTA5JTA5YzguNTIlMkMyMi4yNiUyQzE2LjM0JTJDMzguNTQlMkMxOSUyQzQ0YzUuNCUyQzExLjA3JTJDMTYuMzglMkMzMi42MSUyQzMzJTJDNThjMjguODglMkM0NC4xMSUyQzU3LjQ4JTJDNzMuNDElMkM2NCUyQzgwYzYuODklMkM2Ljk3JTJDMzguOTglMkMzOC45NyUyQzkxJTJDNzIlMEElMDklMDklMDklMDklMDklMDklMDklMDljNTcuMDklMkMzNi4yNSUyQzEwNi4xMSUyQzUzLjM3JTJDMTQzJTJDNjZjNjYuOTglMkMyMi45MyUyQzExOS45MyUyQzMxLjQ0JTJDMTYyJTJDMzhjODElMkMxMi42MyUyQzE0My44MSUyQzEzLjUzJTJDMTg5JTJDMTRjNjIuNDUlMkMwLjY1JTJDMTA5LjMzLTIuNjglMkMxNTYtNiUwQSUwOSUwOSUwOSUwOSUwOSUwOSUwOSUwOWMzNS43NC0yLjU0JTJDODkuNjMtNy4xNiUyQzE1NS0xNmM2OC4xNy05LjIyJTJDMTE3Ljg4LTE4LjgzJTJDMTcwLTI5YzExMC4zMi0yMS41MiUyQzE5NC41OC00Mi41NCUyQzIyNC01MGMxMzEuNDMtMzMuMzQlMkMyMjcuNzMtNjQuOSUyQzI4Ni04NCUwQSUwOSUwOSUwOSUwOSUwOSUwOSUwOSUwOWM5My44OC0zMC43NyUyQzE1NS4xOC01NC41NyUyQzE4NC02NmM2LjI5LTIuNDklMkMxMS40OC00LjU4JTJDMTUtNmMwJTJDMTAyLjY3JTJDMCUyQzIwNS4zMyUyQzAlMkMzMDhjLTY0My4zMyUyQzAtMTI4Ni42NyUyQzAtMTkzMCUyQzBDLTUlMkMzODctNSUyQzE5NS01JTJDM3olMEElMDklMDklMDklMDklMDklMDklMDklMDklMjIlM0UlM0MlMkZwYXRoJTNFJTBBJTA5JTA5JTA5JTA5JTA5JTA5JTNDJTJGc3ZnJTNF[\/vc_raw_html][\/vc_column][\/vc_row][vc_row no_padding=&#8221;yes&#8221;][vc_column]<div class=\"porto-carousel owl-carousel has-ccols ccols-xl-5 ccols-lg-3 ccols-md-2 ccols-1 practice-carousel ccols-xxl-5 stage-margin\" data-appear-animation=\"fadeInUp\" data-appear-animation-delay=\"1000\" data-plugin-options=\"{&quot;stagePadding&quot;:20,&quot;margin&quot;:20,&quot;autoplay&quot;:&quot;yes&quot;,&quot;autoplayTimeout&quot;:5000,&quot;autoplayHoverPause&quot;:false,&quot;items&quot;:5,&quot;lg&quot;:3,&quot;md&quot;:2,&quot;sm&quot;:1,&quot;xs&quot;:1,&quot;nav&quot;:false,&quot;dots&quot;:&quot;yes&quot;,&quot;animateIn&quot;:&quot;&quot;,&quot;animateOut&quot;:&quot;&quot;,&quot;loop&quot;:&quot;yes&quot;,&quot;center&quot;:false,&quot;video&quot;:false,&quot;lazyLoad&quot;:false,&quot;fullscreen&quot;:false}\">[vc_row_inner css=&#8221;.vc_custom_1644844714355{margin-right: 2px !important;margin-left: 2px !important;background-color: #ffffff !important;}&#8221;][vc_column_inner]<div id=\"porto-icon-41790205469e357888645e\" class=\"porto-just-icon-wrapper porto-sicon-img porto-icon-pos-center\" style=\"font-size: 52px;\"><img loading=\"lazy\" decoding=\"async\" class=\"img-icon\" alt=\"\" src=\"https:\/\/suadiyebilisim.com\/wp-content\/uploads\/2022\/02\/suadiye-icon.png\" width=\"52\" height=\"52\" \/><\/div>[vc_custom_heading text=&#8221;E-Fatura&#8221; font_container=&#8221;tag:h3|text_align:center&#8221; use_theme_fonts=&#8221;yes&#8221;][vc_column_text]<\/p>\n<p style=\"text-align: center;\">K\u00e2\u011f\u0131t faturan\u0131n kar\u015f\u0131l\u0131\u011f\u0131 bilgileri i\u00e7eren, uluslararas\u0131 bir formatta (UBL) standart hale getirilmi\u015f, de\u011fi\u015ftirilemez bir \u015fekilde m\u00fch\u00fcrlenmi\u015f, k\u00e2\u011f\u0131t fatura ile ayn\u0131 hukuki niteliklere sahip elektronik belgedir.<\/p>\n<p>[\/vc_column_text][vc_btn title=&#8221;Detayl\u0131 Bilgi&#8221; style=&#8221;gradient-custom&#8221; gradient_custom_color_1=&#8221;#00a1cd&#8221; gradient_custom_color_2=&#8221;#008baa&#8221; size=&#8221;lg&#8221; align=&#8221;center&#8221;][\/vc_column_inner][\/vc_row_inner][vc_row_inner css=&#8221;.vc_custom_1644844714355{margin-right: 2px !important;margin-left: 2px !important;background-color: #ffffff !important;}&#8221;][vc_column_inner]<div id=\"porto-icon-108776025169e357888673a\" class=\"porto-just-icon-wrapper porto-sicon-img porto-icon-pos-center\" style=\"font-size: 52px;\"><img loading=\"lazy\" decoding=\"async\" class=\"img-icon\" alt=\"\" src=\"https:\/\/suadiyebilisim.com\/wp-content\/uploads\/2022\/02\/suadiye-icon.png\" width=\"52\" height=\"52\" \/><\/div>[vc_custom_heading text=&#8221;E-Ar\u015fiv Fatura&#8221; font_container=&#8221;tag:h3|text_align:center&#8221; use_theme_fonts=&#8221;yes&#8221;][vc_column_text]<\/p>\n<p style=\"text-align: center;\">K\u00e2\u011f\u0131t faturan\u0131n kar\u015f\u0131l\u0131\u011f\u0131 bilgileri i\u00e7eren, uluslararas\u0131 bir formatta (UBL) standart hale getirilmi\u015f, de\u011fi\u015ftirilemez bir \u015fekilde m\u00fch\u00fcrlenmi\u015f, k\u00e2\u011f\u0131t fatura ile ayn\u0131 hukuki niteliklere sahip elektronik belgedir.<\/p>\n<p>[\/vc_column_text][vc_btn title=&#8221;Detayl\u0131 Bilgi&#8221; style=&#8221;gradient-custom&#8221; gradient_custom_color_1=&#8221;#00a1cd&#8221; gradient_custom_color_2=&#8221;#008baa&#8221; size=&#8221;lg&#8221; align=&#8221;center&#8221;][\/vc_column_inner][\/vc_row_inner][vc_row_inner css=&#8221;.vc_custom_1644844714355{margin-right: 2px !important;margin-left: 2px !important;background-color: #ffffff !important;}&#8221;][vc_column_inner]<div id=\"porto-icon-145166148369e35788869ed\" class=\"porto-just-icon-wrapper porto-sicon-img porto-icon-pos-center\" style=\"font-size: 52px;\"><img loading=\"lazy\" decoding=\"async\" class=\"img-icon\" alt=\"\" src=\"https:\/\/suadiyebilisim.com\/wp-content\/uploads\/2022\/02\/suadiye-icon.png\" width=\"52\" height=\"52\" \/><\/div>[vc_custom_heading text=&#8221;E-\u0130rsaliye&#8221; font_container=&#8221;tag:h3|text_align:center&#8221; use_theme_fonts=&#8221;yes&#8221;][vc_column_text]<\/p>\n<p style=\"text-align: center;\">K\u00e2\u011f\u0131t faturan\u0131n kar\u015f\u0131l\u0131\u011f\u0131 bilgileri i\u00e7eren, uluslararas\u0131 bir formatta (UBL) standart hale getirilmi\u015f, de\u011fi\u015ftirilemez bir \u015fekilde m\u00fch\u00fcrlenmi\u015f, k\u00e2\u011f\u0131t fatura ile ayn\u0131 hukuki niteliklere sahip elektronik belgedir.<\/p>\n<p>[\/vc_column_text][vc_btn title=&#8221;Detayl\u0131 Bilgi&#8221; style=&#8221;gradient-custom&#8221; gradient_custom_color_1=&#8221;#00a1cd&#8221; gradient_custom_color_2=&#8221;#008baa&#8221; size=&#8221;lg&#8221; align=&#8221;center&#8221;][\/vc_column_inner][\/vc_row_inner][vc_row_inner css=&#8221;.vc_custom_1644844714355{margin-right: 2px !important;margin-left: 2px !important;background-color: #ffffff !important;}&#8221;][vc_column_inner]<div id=\"porto-icon-7698701069e3578886c8c\" class=\"porto-just-icon-wrapper porto-sicon-img porto-icon-pos-center\" style=\"font-size: 52px;\"><img loading=\"lazy\" decoding=\"async\" class=\"img-icon\" alt=\"\" src=\"https:\/\/suadiyebilisim.com\/wp-content\/uploads\/2022\/02\/suadiye-icon.png\" width=\"52\" height=\"52\" \/><\/div>[vc_custom_heading text=&#8221;E-Defter&#8221; font_container=&#8221;tag:h3|text_align:center&#8221; use_theme_fonts=&#8221;yes&#8221;][vc_column_text]<\/p>\n<p style=\"text-align: center;\">K\u00e2\u011f\u0131t faturan\u0131n kar\u015f\u0131l\u0131\u011f\u0131 bilgileri i\u00e7eren, uluslararas\u0131 bir formatta (UBL) standart hale getirilmi\u015f, de\u011fi\u015ftirilemez bir \u015fekilde m\u00fch\u00fcrlenmi\u015f, k\u00e2\u011f\u0131t fatura ile ayn\u0131 hukuki niteliklere sahip elektronik belgedir.<\/p>\n<p>[\/vc_column_text][vc_btn title=&#8221;Detayl\u0131 Bilgi&#8221; style=&#8221;gradient-custom&#8221; gradient_custom_color_1=&#8221;#00a1cd&#8221; gradient_custom_color_2=&#8221;#008baa&#8221; size=&#8221;lg&#8221; align=&#8221;center&#8221;][\/vc_column_inner][\/vc_row_inner][vc_row_inner css=&#8221;.vc_custom_1644844714355{margin-right: 2px !important;margin-left: 2px !important;background-color: #ffffff !important;}&#8221;][vc_column_inner]<div id=\"porto-icon-188732234669e3578886f29\" class=\"porto-just-icon-wrapper porto-sicon-img porto-icon-pos-center\" style=\"font-size: 52px;\"><img loading=\"lazy\" decoding=\"async\" class=\"img-icon\" alt=\"\" src=\"https:\/\/suadiyebilisim.com\/wp-content\/uploads\/2022\/02\/suadiye-icon.png\" width=\"52\" height=\"52\" \/><\/div>[vc_custom_heading text=&#8221;E-M\u00fcstahsil&#8221; font_container=&#8221;tag:h3|text_align:center&#8221; use_theme_fonts=&#8221;yes&#8221;][vc_column_text]<\/p>\n<p style=\"text-align: center;\">K\u00e2\u011f\u0131t faturan\u0131n kar\u015f\u0131l\u0131\u011f\u0131 bilgileri i\u00e7eren, uluslararas\u0131 bir formatta (UBL) standart hale getirilmi\u015f, de\u011fi\u015ftirilemez bir \u015fekilde m\u00fch\u00fcrlenmi\u015f, k\u00e2\u011f\u0131t fatura ile ayn\u0131 hukuki niteliklere sahip elektronik belgedir.<\/p>\n<p>[\/vc_column_text][vc_btn title=&#8221;Detayl\u0131 Bilgi&#8221; style=&#8221;gradient-custom&#8221; gradient_custom_color_1=&#8221;#00a1cd&#8221; gradient_custom_color_2=&#8221;#008baa&#8221; size=&#8221;lg&#8221; align=&#8221;center&#8221;][\/vc_column_inner][\/vc_row_inner]<\/div>[\/vc_column][\/vc_row][vc_row content_placement=&#8221;middle&#8221; wrap_container=&#8221;yes&#8221; css=&#8221;.vc_custom_1608844858202{padding-top: 50px !important;}&#8221; el_class=&#8221;align-items-center mt-2&#8243; el_id=&#8221;whoweare&#8221;][vc_column el_class=&#8221;mb-5 mb-lg-0&#8243; offset=&#8221;vc_col-lg-5 vc_col-md-5&#8243;][vc_separator color=&#8221;custom&#8221; border_width=&#8221;3&#8243; css_animation=&#8221;slideInLeft&#8221; style=&#8221;solid&#8221; el_class=&#8221;custom-border customLineAnimation d-inline-block mr-3 mb-1&#8243; accent_color=&#8221;#00a1cd&#8221;][vc_custom_heading text=&#8221;SUAD\u0130YE B\u0130L\u0130\u015e\u0130M&#8221; font_container=&#8221;tag:h4|font_size:1.2em|text_align:left|color:%2300a1cd|line_height:1.3&#8243; use_theme_fonts=&#8221;yes&#8221; text_transform=&#8221;text-uppercase&#8221; font_weight=&#8221;600&#8243; animation_delay=&#8221;1000&#8243; el_class=&#8221;mb-2 d-inline-block&#8221; animation_type=&#8221;fadeInLeft&#8221;][vc_custom_heading text=&#8221;Hakk\u0131m\u0131zda&#8221; font_container=&#8221;tag:h3|font_size:2.75em|text_align:left|color:%2300a1cd|line_height:1.2&#8243; use_theme_fonts=&#8221;yes&#8221; font_weight=&#8221;700&#8243; skin=&#8221;secondary&#8221; letter_spacing=&#8221;-.05em&#8221; animation_delay=&#8221;1200&#8243; el_class=&#8221;custom-heading1 mb-4&#8243; animation_type=&#8221;fadeInUp&#8221;][vc_custom_heading text=&#8221;Suadiye Bili\u015fim e-D\u00f6n\u00fc\u015f\u00fcm tek adresi !&#8221; font_container=&#8221;tag:p|font_size:1.2em|text_align:left|color:%23777777|line_height:26px&#8221; use_theme_fonts=&#8221;yes&#8221; font_weight=&#8221;400&#8243; letter_spacing=&#8221;0px&#8221; animation_delay=&#8221;1400&#8243; el_class=&#8221;custom-font1 mb-4&#8243; animation_type=&#8221;fadeInUp&#8221;][vc_btn title=&#8221;Hakk\u0131m\u0131zda&#8221; skin=&#8221;primary&#8221; animation_delay=&#8221;1800&#8243; el_class=&#8221;mb-0&#8243; animation_type=&#8221;fadeInUp&#8221; link=&#8221;url:https%3A%2F%2Fsuadiyedenetim.com.tr%2Findex.php%2Fhakkimizda-2%2F|title:Hakk%C4%B1m%C4%B1zda&#8221;][\/vc_column][vc_column width=&#8221;1\/12&#8243; animation_delay=&#8221;1500&#8243; el_class=&#8221;position-relative ml-auto pl-sm-5 pl-lg-0&#8243; offset=&#8221;vc_col-lg-6 vc_col-md-6 vc_col-xs-10&#8243; animation_type=&#8221;fadeInRight&#8221;][vc_single_image image=&#8221;147&#8243; img_size=&#8221;full&#8221; style=&#8221;vc_box_circle_2&#8243; animation_delay=&#8221;&#8221; floating_start_pos=&#8221;top&#8221; floating_speed=&#8221;9.8&#8243; el_class=&#8221;custom-box-shadow-1 mb-0&#8243;]<div class=\"porto-ultimate-content-box-container custom-absolute-img\"><style>#porto_ucb_8464{will-change: box-shadow;box-shadow: none;}<\/style><div class=\"porto-ultimate-content-box\" style=\"\" id=\"porto_ucb_8464\">[vc_single_image image=&#8221;842&#8243; img_size=&#8221;full&#8221; style=&#8221;vc_box_circle_2&#8243; animation_delay=&#8221;1200&#8243; floating_start_pos=&#8221;top&#8221; floating_speed=&#8221;9.6&#8243; el_class=&#8221;custom-box-shadow-1 mb-0&#8243;]<\/div><\/div>[\/vc_column][\/vc_row][vc_row content_placement=&#8221;middle&#8221; wrap_container=&#8221;yes&#8221; el_class=&#8221;pt-4&#8243; css=&#8221;.vc_custom_1608633189247{border-bottom-width: 1px !important;padding-bottom: 80px !important;border-bottom-color: rgba(0,0,0,0.06) !important;border-bottom-style: solid !important;}&#8221;][vc_column el_class=&#8221;mb-5 mb-lg-0&#8243;][vc_custom_heading text=&#8221;E-D\u00d6N\u00dc\u015e\u00dcM AVANTAJLARI&#8221; font_container=&#8221;tag:h3|font_size:2.75em|text_align:center|color:%2300a1cd|line_height:1.2&#8243; use_theme_fonts=&#8221;yes&#8221; font_weight=&#8221;700&#8243; skin=&#8221;secondary&#8221; letter_spacing=&#8221;-.05em&#8221; animation_delay=&#8221;1200&#8243; el_class=&#8221;custom-heading1 mb-4&#8243; animation_type=&#8221;fadeInUp&#8221;][vc_row_inner][vc_column_inner width=&#8221;1\/2&#8243;]<div class=\"porto-sicon-box  wpb_custom_1efe903570d178ff0a9b7bfa5febd3a4 style_1 default-icon flex-wrap\"><div class=\"porto-sicon-default\"><div id=\"porto-icon-172014807369e3578887d69\" class=\"porto-just-icon-wrapper porto-sicon-img\" style=\"font-size: 100px;\"><img loading=\"lazy\" decoding=\"async\" class=\"img-icon\" alt=\"\" src=\"https:\/\/suadiyebilisim.com\/wp-content\/uploads\/2022\/02\/maliyet.jpg\" width=\"100\" height=\"100\" \/><\/div><\/div><div class=\"porto-sicon-header\"><h3 class=\"porto-sicon-title\" style=\"\">Maliyetlerinizi en aza indirir<\/h3><\/div> <!-- header --><div class=\"porto-sicon-description\" style=\"\">e-Fatura, e-Defter, e-\u0130rsaliye, e-Bilet, e-Serbest Meslek Makbuzu, e-M\u00fcstahsil Makbuzu, KEP, e-\u0130mza, e-Bordro, \u00dccret Pusulas\u0131, Zaman \u00c7izelgesi, e-Tebligat, e-\u0130htar ve EBYS gibi hizmetleriyle ka\u011f\u0131t, bask\u0131, toner, kargo, ar\u015fivleme gibi zaman ve para maliyetlerinizi minimum seviyelere d\u00fc\u015f\u00fcr\u00fcrs\u00fcn\u00fcz.<\/div> <!-- description --><\/div><!-- porto-sicon-box -->[\/vc_column_inner][vc_column_inner width=&#8221;1\/2&#8243;]<div class=\"porto-sicon-box  wpb_custom_1efe903570d178ff0a9b7bfa5febd3a4 style_1 default-icon flex-wrap\"><div class=\"porto-sicon-default\"><div id=\"porto-icon-195624329969e357888874c\" class=\"porto-just-icon-wrapper porto-sicon-img\" style=\"font-size: 100px;\"><img loading=\"lazy\" decoding=\"async\" class=\"img-icon\" alt=\"\" src=\"https:\/\/suadiyebilisim.com\/wp-content\/uploads\/2022\/02\/smartphone.png\" width=\"512\" height=\"512\" \/><\/div><\/div><div class=\"porto-sicon-header\"><h3 class=\"porto-sicon-title\" style=\"\">Yasal ge\u00e7erli\/g\u00fcvenli saklama ve online eri\u015fim olana\u011f\u0131 verir<\/h3><\/div> <!-- header --><div class=\"porto-sicon-description\" style=\"\">Faturalar\u0131n\u0131z, EDM sistemlerinde 10 y\u0131l boyunca 4 yedeklemeli ve 3DS \u015fifreleme teknolojisiyle en g\u00fcvenli \u015fekilde saklan\u0131r. Faturalar\u0131n\u0131za y\u0131l boyunca diledi\u011finiz an \u00e7evrimi\u00e7i eri\u015febilir, tek tek ya da toplu olarak tekrar g\u00f6nderme, g\u00f6r\u00fcnt\u00fcleme ve PDF\/bask\u0131 alma gibi i\u015flemleri yapabilirsiniz<\/div> <!-- description --><\/div><!-- porto-sicon-box -->[\/vc_column_inner][\/vc_row_inner][vc_row_inner][vc_column_inner width=&#8221;1\/2&#8243;]<div class=\"porto-sicon-box  wpb_custom_1efe903570d178ff0a9b7bfa5febd3a4 style_1 default-icon flex-wrap\"><div class=\"porto-sicon-default\"><div id=\"porto-icon-84542903669e35788890d9\" class=\"porto-just-icon-wrapper porto-sicon-img\" style=\"font-size: 100px;\"><img loading=\"lazy\" decoding=\"async\" class=\"img-icon\" alt=\"\" src=\"https:\/\/suadiyebilisim.com\/wp-content\/uploads\/2022\/02\/stock-market.png\" width=\"512\" height=\"512\" \/><\/div><\/div><div class=\"porto-sicon-header\"><h3 class=\"porto-sicon-title\" style=\"\">Operasyonunuzu h\u0131zland\u0131r\u0131r ve verimlili\u011fi artt\u0131r\u0131r<\/h3><\/div> <!-- header --><div class=\"porto-sicon-description\" style=\"\">\u00c7al\u0131\u015fanlar\u0131n\u0131z\u0131n operasyon s\u00fcre\u00e7lerini azaltarak, personelinizin daha verimli alanlarda faaliyet g\u00f6stermesine olanak tan\u0131r, manuel i\u015flemlerden kaynakl\u0131 hatalar\u0131 s\u0131f\u0131rlar ve firman\u0131z\u0131n verimlili\u011fini artt\u0131r\u0131rs\u0131n\u0131z.<\/div> <!-- description --><\/div><!-- porto-sicon-box -->[\/vc_column_inner][vc_column_inner width=&#8221;1\/2&#8243;]<div class=\"porto-sicon-box  wpb_custom_1efe903570d178ff0a9b7bfa5febd3a4 style_1 default-icon flex-wrap\"><div class=\"porto-sicon-default\"><div id=\"porto-icon-43445979969e357888a0a4\" class=\"porto-just-icon-wrapper porto-sicon-img\" style=\"font-size: 100px;\"><img loading=\"lazy\" decoding=\"async\" class=\"img-icon\" alt=\"\" src=\"https:\/\/suadiyebilisim.com\/wp-content\/uploads\/2022\/02\/bio.png\" width=\"512\" height=\"512\" \/><\/div><\/div><div class=\"porto-sicon-header\"><h3 class=\"porto-sicon-title\" style=\"\">Do\u011fay\u0131 korur<\/h3><\/div> <!-- header --><div class=\"porto-sicon-description\" style=\"\">Her y\u0131l u\u011fruna milyonlarca a\u011fa\u00e7 kesilen ka\u011f\u0131tlar yerine, fatura ve di\u011fer belgelerinizi elektronik ortama ta\u015f\u0131yarak, do\u011fan\u0131n korunmas\u0131 ad\u0131na da b\u00fcy\u00fck katk\u0131da bulunmu\u015f olursunuz.<\/div> <!-- description --><\/div><!-- porto-sicon-box -->[\/vc_column_inner][\/vc_row_inner][vc_row_inner][vc_column_inner width=&#8221;1\/2&#8243;]<div class=\"porto-sicon-box  wpb_custom_1efe903570d178ff0a9b7bfa5febd3a4 style_1 default-icon flex-wrap\"><div class=\"porto-sicon-default\"><div id=\"porto-icon-157401998469e357888b2f7\" class=\"porto-just-icon-wrapper porto-sicon-img\" style=\"font-size: 100px;\"><img loading=\"lazy\" decoding=\"async\" class=\"img-icon\" alt=\"\" src=\"https:\/\/suadiyebilisim.com\/wp-content\/uploads\/2022\/02\/search.png\" width=\"512\" height=\"512\" \/><\/div><\/div><div class=\"porto-sicon-header\"><h3 class=\"porto-sicon-title\" style=\"\">An\u0131nda ve g\u00fcvenilir belge ak\u0131\u015f\u0131 sa\u011flar<\/h3><\/div> <!-- header --><div class=\"porto-sicon-description\" style=\"\">T\u00fcm belgeleriniz, ERP ve muhasebe program\u0131n\u0131z i\u00e7inden ve EDM \u00fczerinden elektronik imzalanm\u0131\u015f \u015fekilde tam ve eksiksiz olarak an\u0131nda muhataplar\u0131na ula\u015f\u0131r. G\u00f6nderici, belgenin muhatab\u0131 taraf\u0131ndan tam eksiksiz al\u0131nd\u0131\u011f\u0131na dair yasal olarak birinci derece ge\u00e7erli teyidini al\u0131r. Al\u0131c\u0131 ise ald\u0131\u011f\u0131 faturalar\u0131n tam eksiksiz ve %100 ger\u00e7ek oldu\u011fundan emin olur.<\/div> <!-- description --><\/div><!-- porto-sicon-box -->[\/vc_column_inner][vc_column_inner width=&#8221;1\/2&#8243;]<div class=\"porto-sicon-box  wpb_custom_1efe903570d178ff0a9b7bfa5febd3a4 style_1 default-icon flex-wrap\"><div class=\"porto-sicon-default\"><div id=\"porto-icon-194759601469e357888c012\" class=\"porto-just-icon-wrapper porto-sicon-img\" style=\"font-size: 100px;\"><img loading=\"lazy\" decoding=\"async\" class=\"img-icon\" alt=\"\" src=\"https:\/\/suadiyebilisim.com\/wp-content\/uploads\/2022\/02\/progress.png\" width=\"512\" height=\"512\" \/><\/div><\/div><div class=\"porto-sicon-header\"><h3 class=\"porto-sicon-title\" style=\"\">\u0130maj\u0131n\u0131z\u0131 y\u00fckseltir<\/h3><\/div> <!-- header --><div class=\"porto-sicon-description\" style=\"\">e-Fatura ba\u015fta olmak \u00fczere e-D\u00f6n\u00fc\u015f\u00fcm servislerine ge\u00e7me olgusu, t\u00fcm m\u00fc\u015fterileriniz ve i\u015f ortaklar\u0131n\u0131z nezdinde; teknolojiyi kullanan, modern y\u00f6netilen, \u015feffaf ve kanunlara uygun i\u015f yapan sa\u011flam g\u00fcvenilir firma imaj\u0131n\u0131z\u0131 peki\u015ftirir.<\/div> <!-- description --><\/div><!-- porto-sicon-box -->[\/vc_column_inner][\/vc_row_inner][\/vc_column][\/vc_row]<\/p>\n","protected":false},"excerpt":{"rendered":"<p>[vc_row no_padding=&#8221;yes&#8221;][vc_column el_class=&#8221;mb-0&#8243;][vc_raw_html el_class=&#8221;shape-divider shape-divider1 mb-0&#8243;]JTNDc3ZnJTIwdmVyc2lvbiUzRCUyMjEuMSUyMiUyMHhtbG5zJTNEJTIyaHR0cCUzQSUyRiUyRnd3dy53My5vcmclMkYyMDAwJTJGc3ZnJTIyJTIweG1sbnMlM0F4bGluayUzRCUyMmh0dHAlM0ElMkYlMkZ3d3cudzMub3JnJTJGMTk5OSUyRnhsaW5rJTIyJTIweCUzRCUyMjBweCUyMiUyMHklM0QlMjIwcHglMjIlMjB2aWV3Qm94JTNEJTIyMCUyMDAlMjAxOTIwJTIwNTc2JTIyJTIwcHJlc2VydmVBc3BlY3RSYXRpbyUzRCUyMm5vbmUlMjIlM0UlMEElMDklMDklMDklMDklMDklMDklMDklM0NwYXRoJTIwY2xhc3MlM0QlMjJjdXN0b20tc3ZnLWZpbGwtY29sb3ItdGVydGlhcnklMjIlMjBkJTNEJTIyTS0xMiUyQzY2YzEzLjM1JTJDNDAuMDMlMkMyOC4zNSUyQzcyLjYyJTJDNDElMkM5N2MxMi43OCUyQzI0LjYzJTJDMzAuNTYlMkM1OC40NCUyQzYyJTJDOTdjMTkuNTclMkMyNCUyQzM2LjY2JTJDNDAuMzElMkM0OSUyQzUyJTBBJTA5JTA5JTA5JTA5JTA5JTA5JTA5JTA5YzQxLjAyJTJDMzguODclMkM3Ny4xJTJDNjIuODIlMkM4NSUyQzY4YzUzLjc4JTJDMzUuMjMlMkMxMDAuOTIlMkM1MS4zJTJDMTQ4JTJDNjdjODcuNiUyQzI5LjIxJTJDMTU4LjQ5JTJDMzcuOTglMkMyMDElMkM0M2M2My45JTJDNy41NSUyQzExMi4wOCUyQzcuNzglMkMxNjAlMkM4JTBBJTA5JTA5JTA5JTA5JTA5JTA5JTA5JTA5YzE2LjUyJTJDMC4wOCUyQzg0LjQxJTJDMC4xNyUyQzE4MS04Yzk4Ljg4LTguMzYlMkMxNzIuNDMtMjAuNyUyQzIzMy0zMWM0Mi44OC03LjI5JTJDMTQxLjMxLTI0Ljg1JTJDMjY3LTU2YzEyNy4wNi0zMS41JTJDMjIwLjY2LTYxLjY5JTJDMjk2LTg2JTBBJTA5JTA5JTA5JTA5JTA5JTA5JTA5JTA5Yzg5LjI3LTI4LjglMkMxNTkuNTgtNTQuNjglMkMxNzQtNjBjMTYuNi02LjEzJTJDMzAuMzktMTEuMzQlMkM0MC0xNWMwJTJDMTEzLjMzJTJDMCUyQzIyNi42NyUyQzAlMkMzNDBjLTY0NC4zMyUyQzAtMTI4OC42NyUyQzAtMTkzMyUyQzAlMEElMDklMDklMDklMDklMDklMDklMDklMDlDLTkuMzMlMkM0MTAtMTAuNjclMkMyMzgtMTIlMkM2NnolMjIlM0UlM0MlMkZwYXRoJTNFJTBBJTA5JTA5JTA5JTA5JTA5JTA5JTA5JTNDcGF0aCUyMGZpbGwlM0QlMjIlMjNGRkYlMjIlMjBkJTNEJTIyTS01JTJDM2MxLjIxJTJDNS4zMiUyQzIuOTglMkMxMy4yOSUyQzUlMkMyM2M0LjM4JTJDMjEuMDglMkM2LjcxJTJDMzQuOTUlMkM4JTJDNDJjNy4wOCUyQzM4LjYlMkMxOS43JTJDNzEuNTQlMkMyNiUyQzg4JTBBJTA5JTA5JTA5JTA5JTA5JTA5JTA5JTA5YzguNTIlMkMyMi4yNiUyQzE2LjM0JTJDMzguNTQlMkMxOSUyQzQ0YzUuNCUyQzExLjA3JTJDMTYuMzglMkMzMi42MSUyQzMzJTJDNThjMjguODglMkM0NC4xMSUyQzU3LjQ4JTJDNzMuNDElMkM2NCUyQzgwYzYuODklMkM2Ljk3JTJDMzguOTglMkMzOC45NyUyQzkxJTJDNzIlMEElMDklMDklMDklMDklMDklMDklMDklMDljNTcuMDklMkMzNi4yNSUyQzEwNi4xMSUyQzUzLjM3JTJDMTQzJTJDNjZjNjYuOTglMkMyMi45MyUyQzExOS45MyUyQzMxLjQ0JTJDMTYyJTJDMzhjODElMkMxMi42MyUyQzE0My44MSUyQzEzLjUzJTJDMTg5JTJDMTRjNjIuNDUlMkMwLjY1JTJDMTA5LjMzLTIuNjglMkMxNTYtNiUwQSUwOSUwOSUwOSUwOSUwOSUwOSUwOSUwOWMzNS43NC0yLjU0JTJDODkuNjMtNy4xNiUyQzE1NS0xNmM2OC4xNy05LjIyJTJDMTE3Ljg4LTE4LjgzJTJDMTcwLTI5YzExMC4zMi0yMS41MiUyQzE5NC41OC00Mi41NCUyQzIyNC01MGMxMzEuNDMtMzMuMzQlMkMyMjcuNzMtNjQuOSUyQzI4Ni04NCUwQSUwOSUwOSUwOSUwOSUwOSUwOSUwOSUwOWM5My44OC0zMC43NyUyQzE1NS4xOC01NC41NyUyQzE4NC02NmM2LjI5LTIuNDklMkMxMS40OC00LjU4JTJDMTUtNmMwJTJDMTAyLjY3JTJDMCUyQzIwNS4zMyUyQzAlMkMzMDhjLTY0My4zMyUyQzAtMTI4Ni42NyUyQzAtMTkzMCUyQzBDLTUlMkMzODctNSUyQzE5NS01JTJDM3olMEElMDklMDklMDklMDklMDklMDklMDklMDklMjIlM0UlM0MlMkZwYXRoJTNFJTBBJTA5JTA5JTA5JTA5JTA5JTA5JTNDJTJGc3ZnJTNF[\/vc_raw_html][\/vc_column][\/vc_row][vc_row no_padding=&#8221;yes&#8221;][vc_column][\/vc_column][\/vc_row][vc_row content_placement=&#8221;middle&#8221; wrap_container=&#8221;yes&#8221; css=&#8221;.vc_custom_1608844858202{padding-top: 50px !important;}&#8221; el_class=&#8221;align-items-center mt-2&#8243; el_id=&#8221;whoweare&#8221;][vc_column el_class=&#8221;mb-5 mb-lg-0&#8243; offset=&#8221;vc_col-lg-5 vc_col-md-5&#8243;][vc_separator color=&#8221;custom&#8221; border_width=&#8221;3&#8243; css_animation=&#8221;slideInLeft&#8221; style=&#8221;solid&#8221; el_class=&#8221;custom-border customLineAnimation d-inline-block mr-3 mb-1&#8243; accent_color=&#8221;#00a1cd&#8221;][vc_custom_heading text=&#8221;SUAD\u0130YE B\u0130L\u0130\u015e\u0130M&#8221; font_container=&#8221;tag:h4|font_size:1.2em|text_align:left|color:%2300a1cd|line_height:1.3&#8243; use_theme_fonts=&#8221;yes&#8221; text_transform=&#8221;text-uppercase&#8221; font_weight=&#8221;600&#8243; animation_delay=&#8221;1000&#8243; el_class=&#8221;mb-2 d-inline-block&#8221; animation_type=&#8221;fadeInLeft&#8221;][vc_custom_heading text=&#8221;Hakk\u0131m\u0131zda&#8221; font_container=&#8221;tag:h3|font_size:2.75em|text_align:left|color:%2300a1cd|line_height:1.2&#8243; use_theme_fonts=&#8221;yes&#8221; font_weight=&#8221;700&#8243; skin=&#8221;secondary&#8221; letter_spacing=&#8221;-.05em&#8221; animation_delay=&#8221;1200&#8243; el_class=&#8221;custom-heading1 mb-4&#8243; animation_type=&#8221;fadeInUp&#8221;][vc_custom_heading text=&#8221;Suadiye Bili\u015fim e-D\u00f6n\u00fc\u015f\u00fcm tek adresi !&#8221; [&hellip;]<\/p>\n","protected":false},"author":1,"featured_media":0,"parent":0,"menu_order":0,"comment_status":"closed","ping_status":"closed","template":"","meta":{"footnotes":""},"class_list":["post-2","page","type-page","status-publish","hentry"],"_links":{"self":[{"href":"https:\/\/suadiyebilisim.com\/index.php\/wp-json\/wp\/v2\/pages\/2","targetHints":{"allow":["GET"]}}],"collection":[{"href":"https:\/\/suadiyebilisim.com\/index.php\/wp-json\/wp\/v2\/pages"}],"about":[{"href":"https:\/\/suadiyebilisim.com\/index.php\/wp-json\/wp\/v2\/types\/page"}],"author":[{"embeddable":true,"href":"https:\/\/suadiyebilisim.com\/index.php\/wp-json\/wp\/v2\/users\/1"}],"replies":[{"embeddable":true,"href":"https:\/\/suadiyebilisim.com\/index.php\/wp-json\/wp\/v2\/comments?post=2"}],"version-history":[{"count":24,"href":"https:\/\/suadiyebilisim.com\/index.php\/wp-json\/wp\/v2\/pages\/2\/revisions"}],"predecessor-version":[{"id":1332,"href":"https:\/\/suadiyebilisim.com\/index.php\/wp-json\/wp\/v2\/pages\/2\/revisions\/1332"}],"wp:attachment":[{"href":"https:\/\/suadiyebilisim.com\/index.php\/wp-json\/wp\/v2\/media?parent=2"}],"curies":[{"name":"wp","href":"https:\/\/api.w.org\/{rel}","templated":true}]}}