{"id":1227,"date":"2022-02-14T20:17:08","date_gmt":"2022-02-14T20:17:08","guid":{"rendered":"https:\/\/suadiyedenetim.com.tr\/bilisim\/?page_id=1227"},"modified":"2022-02-17T20:02:10","modified_gmt":"2022-02-17T20:02:10","slug":"e-bordro","status":"publish","type":"page","link":"https:\/\/suadiyebilisim.com\/index.php\/hizmetler\/e-bordro\/","title":{"rendered":"E-Bordro"},"content":{"rendered":"<p>\u0130\u015f kanunun 37. maddesine g\u00f6re \u0130\u015fveren i\u015fyerinde veya bankaya yapt\u0131\u011f\u0131 \u00f6demelerde i\u015f\u00e7iye \u00fccret hesab\u0131n\u0131 g\u00f6sterir imzal\u0131 veya i\u015fyerinin \u00f6zel i\u015faretini ta\u015f\u0131yan bir pusula vermek zorundad\u0131r.<\/p>\n<p>\u0130\u015f Kanunu kapsam\u0131nda \u00e7al\u0131\u015fan\u0131n\u0131n bordrosunu g\u00f6rd\u00fc\u011f\u00fcn\u00fc ve teslim ald\u0131\u011f\u0131n\u0131 ispat etme y\u00fck\u00fcml\u00fcl\u00fc\u011f\u00fc i\u015fverene aittir.<\/p>\n<p>\u00c7ok \u00e7al\u0131\u015fan\u0131 olan ya da birden fazla lokasyonda faaliyet g\u00f6steren \u015firketlerde bordrolar\u0131n imza kar\u015f\u0131l\u0131\u011f\u0131 teslimi zor olmaktad\u0131r.<\/p>\n<p>\u0130mzal\u0131 n\u00fcshalar\u0131n ar\u015fivlenmesi de ek y\u00fck olu\u015fturmaktad\u0131r. Geleneksel s\u00fcre\u00e7te bordrolar bas\u0131ld\u0131ktan sonra onlarca farkl\u0131 lokasyona g\u00f6nderilir, burada \u00e7al\u0131\u015fanlara imzalat\u0131ld\u0131ktan sonra bir kopyas\u0131 tekrar merkeze iletilir. Suadiye Bili\u015fim E-Bordro ile bu uygulaman\u0131n yaratt\u0131\u011f\u0131 i\u015fg\u00fcc\u00fc kayb\u0131 ile sarf malzemesi, ekipman ve da\u011f\u0131t\u0131m giderlerindeki ilave maliyetler \u00f6nlenir, zaman ve maliyet tasarrufu sa\u011flan\u0131r.<\/p>\n<p>\u015eirket \u00e7al\u0131\u015fanlar\u0131na bordrolar\u0131n, \u00fccret pusulalar\u0131n\u0131n, zaman \u00e7izelgelerinin ve personel tebligatlar\u0131n\u0131n, KEP (Kay\u0131tl\u0131 Elektronik Posta) mailleri \u00fczerinden yasal ge\u00e7erli ve g\u00fcvenli bir \u015fekilde elektronik ortamda iletildi\u011fi bir sistemdir.<\/p>\n<p>\u00c7ok \u00e7al\u0131\u015fan\u0131 olan ya da birden fazla lokasyonda faaliyet g\u00f6steren \u015firketlerde bordrolar\u0131n, \u00fccret pusulalar\u0131n\u0131n, zaman \u00e7izelgelerinin, personel tebligatlar\u0131n\u0131n, ihbarlar\u0131n, ihtarlar\u0131n, ibranamelerin ve izin form onaylar\u0131n\u0131n imza kar\u015f\u0131l\u0131\u011f\u0131 teslimi zor oldu\u011fundan, Suadiye Bili\u015fim Personel KEP Uygulamalar\u0131 yo\u011fun bir \u015fekilde tercih edilmektedir.<\/p>\n<p>Suadiye Bili\u015fim Personel KEP Uygulamalar\u0131 ile bordro ve di\u011fer personel bildirimlerinin g\u00f6nderimini ve personel y\u00f6netimini kolayla\u015ft\u0131r\u0131rs\u0131n\u0131z. Muhasebe program\u0131n\u0131zdan bordro haz\u0131rlay\u0131p tek tu\u015f ile t\u00fcm personelinize KEP \u00fczerinden E-Bordro, \u00fccret pusulas\u0131, zaman \u00e7izelgesi, personel tebligatlar\u0131n\u0131n, ihbar, ihtar izin formu g\u00f6ndererek, yasal zorunluluklar \u00e7er\u00e7evesinde firman\u0131z\u0131 g\u00fcvence alt\u0131na al\u0131rs\u0131n\u0131z.<\/p>\n<p>Suadiye Bili\u015fim Personel KEP Uygulamalar\u0131 hizmetimiz i\u00e7in personel say\u0131n\u0131za g\u00f6re y\u0131ll\u0131k sabit fiyat uygulanmaktad\u0131r. \u0130\u015f\u00e7i al\u0131m ve \u00e7\u0131k\u0131\u015flarda herhangi bir fiyat de\u011fi\u015fikli\u011fine gidilmemektedir. \u00dcstelik kurumunuza tahsis edilen posta alan\u0131yla bordrolar\u0131n\u0131z, \u00fccret pusulalar\u0131n\u0131z, zaman \u00e7izelgeleriniz, personel tebligatlar\u0131n\u0131z, ihbar, ihtar ve ibralar\u0131n\u0131z, y\u0131llarca \u0130stanbul, Ankara yedeklemeli olarak Suadiye Bili\u015fim Sistemlerinde saklanmaktad\u0131r.<\/p>\n<h4>SUAD\u0130YE B\u0130L\u0130\u015e\u0130M E- BORDRO KULLANIMINDA \u00d6NC\u00dc SEKT\u00d6RLER<\/h4>\n<ul class=\"disc-list\">\n<li>SANAY\u0130 KURULU\u015eLARI<\/li>\n<li>B\u00dcY\u00dcK \u0130N\u015eAAT F\u0130RMALARI<\/li>\n<li>G\u00dcVENL\u0130K\/TEM\u0130ZL\u0130K F\u0130RMALARI<\/li>\n<li>CATERING F\u0130RMALARI<\/li>\n<li>HOLD\u0130NGLER<\/li>\n<li>BELED\u0130YE \u0130KT\u0130SAD\u0130 \u0130\u015eLETMLER\u0130<\/li>\n<li>HASTANELER<\/li>\n<li>OTELLER<\/li>\n<li>\u00d6ZEL OKULLAR<\/li>\n<\/ul>\n<h4>K\u0130MLER E- BORDRO UYGULAMASINA GE\u00c7\u0130\u015e YAPAB\u0130L\u0130R?<\/h4>\n<p>\u00c7ok \u00e7al\u0131\u015fan\u0131 olan ya da birden fazla lokasyonda faaliyet g\u00f6steren, bordro, \u00fccret pusulas\u0131, zaman \u00e7izelgelerinin ve personel tebligatlar\u0131n\u0131n takibinde zaman tasarrufu sa\u011flamak isteyen, ar\u015fivleme maliyetlerini minimuma indirgemek isteyen t\u00fcm kamu kurum ve kurulu\u015flar E-Bordroya ge\u00e7i\u015f yapabilir.<\/p>\n<h4>NEDEN SUAD\u0130YE B\u0130L\u0130\u015e\u0130M\u00a0 E-BORDRO<\/h4>\n<h4>YASAL GE\u00c7ERL\u0130<\/h4>\n<p>SGK ve \u00c7al\u0131\u015fma Bakanl\u0131\u011f\u0131 tefti\u015flerinde ge\u00e7erlidir ve \u00e7ok b\u00fcy\u00fck kolayl\u0131kt\u0131r. Denetim s\u00fcrelerini onlarca kat d\u00fc\u015f\u00fcr\u00fcr. \u0130\u015f mahkemelerinde birinci dereceden yasal delil olarak kabul edilir.<\/p>\n<h4>ZAMAN VE MAL\u0130YET AVANTAJI<\/h4>\n<p>Bordro, \u00fccret pusulas\u0131, zaman \u00e7izelgelerinin ve personel tebligatlar\u0131n\u0131n \u00e7al\u0131\u015fanlara ula\u015ft\u0131r\u0131rken, imzalat\u0131rken ve toplarken zaman ve para tasarrufu sa\u011flar. Ar\u015fivleme maliyetlerini s\u0131f\u0131rlar. E-Bordro hizmetimiz i\u00e7in personel say\u0131n\u0131za g\u00f6re y\u0131ll\u0131k sabit fiyat uygulanmaktad\u0131r. T\u00fcm personelinize a\u00e7\u0131lan KEP adresleri \u00fccret i\u00e7indedir. \u0130\u015f\u00e7i al\u0131m ve \u00e7\u0131k\u0131\u015flarda yeni KEP adresleri ve g\u00f6nderiler i\u00e7in herhangi bir fiyat de\u011fi\u015fikli\u011fine gidilmemektedir.<\/p>\n<h4>G\u00dcVEN\u0130L\u0130R<\/h4>\n<p>Bordro, \u00fccret pusulas\u0131, zaman \u00e7izelgelerinin ve personel tebligatlar\u0131n\u0131n do\u011fru \u00e7al\u0131\u015fana gitti\u011fine ve \u015firketle personel aras\u0131nda gizli kald\u0131\u011f\u0131ndan emin olursunuz.<\/p>\n<h4>ANINDA ER\u0130\u015e\u0130M<\/h4>\n<p>Bordro, \u00fccret pusulas\u0131, zaman \u00e7izelgeleri ve personel tebligatlar\u0131n\u0131n ar\u015fivleme s\u0131ras\u0131nda deforme olmaz, y\u0131llar sonra dahi belgeye online ula\u015fabilir, \u00fczerindeki yok olmayan E-\u0130mza de\u011ferinizle do\u011frulu\u011funu ispatlayabilirsiniz.<\/p>\n<h4>MUHASEBEN\u0130ZE TAM ENTEGRE<\/h4>\n<p>Resmi muhasebenize ve bordro, \u00fccret pusulas\u0131-zaman \u00e7izelgesi ve personel tebligatlar\u0131n\u0131n \u00fcreten programlar\u0131n\u0131za tam entegrasyon sa\u011flan\u0131r.<\/p>\n<h4>HIZLI KURULUM VE 7\/24 \u00d6ZEL M\u00dc\u015eTER\u0130 TEMS\u0130LC\u0130S\u0130<\/h4>\n<p>\u0130linizde sizlere \u00f6zel atanan sat\u0131\u015f ve servis temsilcili\u011fi taraf\u0131ndan t\u00fcm ba\u015fvuru, kurulum, e\u011fitim ve teknik servis destekleri sa\u011flan\u0131r. Suadiye Bili\u015fim merkezde, 7\/24 arayabilece\u011fi bir as\u0131l birde yedek m\u00fc\u015fteri temsilcisi size \u00f6zel atan\u0131r.<\/p>\n<h4>\u00d6ZETLE<\/h4>\n<ul class=\"disc-list\">\n<li>Ar\u015fivleme kolayl\u0131\u011f\u0131 sunar.<\/li>\n<li>T\u00fcm programlar ile entegre \u00e7al\u0131\u015f\u0131r.<\/li>\n<li>Kullan\u0131c\u0131 say\u0131s\u0131nda k\u0131s\u0131t yoktur.<\/li>\n<li>Ekstrenin online payla\u015f\u0131lmas\u0131 sa\u011flan\u0131r.<\/li>\n<li>10 y\u0131l s\u00fcreyle saklanan E-Bordro loglar\u0131 t\u00fcm mahkemelerde delil niteli\u011fi ta\u015f\u0131r.<\/li>\n<li>\u00dccret hesap pusulas\u0131 g\u00f6nderimi s\u0131ras\u0131nda iletiye dosya eklenebiliyor. \u00dccret pusulas\u0131 d\u0131\u015f\u0131nda bildirim vs i\u00e7eren\u00a0 \u00a0 \u00a0dosya ve\/veya dosyalar olabilir) Eklenen her dosya elektronik imza ile imzalanabiliyor.<\/li>\n<li>\u00dccret bordrosu d\u0131\u015f\u0131nda dosyalar g\u00f6nderebilme \u00f6zelli\u011fi eklendi. Her bir dosyan\u0131n kullan\u0131c\u0131 isterse basit imza\u00a0 \u00a0 \u00a0 \u00a0 veya zaman damgal\u0131 imza ile imzalanma yap\u0131labiliyor.<\/li>\n<li>G\u00f6nderim s\u0131ras\u0131nda CC (Bilgi) eposta hesab\u0131n\u0131n tan\u0131lanabiliyor.<\/li>\n<\/ul>\n","protected":false},"excerpt":{"rendered":"<p>\u0130\u015f kanunun 37. maddesine g\u00f6re \u0130\u015fveren i\u015fyerinde veya bankaya yapt\u0131\u011f\u0131 \u00f6demelerde i\u015f\u00e7iye \u00fccret hesab\u0131n\u0131 g\u00f6sterir imzal\u0131 veya i\u015fyerinin \u00f6zel i\u015faretini ta\u015f\u0131yan bir pusula vermek zorundad\u0131r. \u0130\u015f Kanunu kapsam\u0131nda \u00e7al\u0131\u015fan\u0131n\u0131n bordrosunu g\u00f6rd\u00fc\u011f\u00fcn\u00fc ve teslim ald\u0131\u011f\u0131n\u0131 ispat etme y\u00fck\u00fcml\u00fcl\u00fc\u011f\u00fc i\u015fverene aittir. \u00c7ok \u00e7al\u0131\u015fan\u0131 olan ya da birden fazla lokasyonda faaliyet g\u00f6steren \u015firketlerde bordrolar\u0131n imza kar\u015f\u0131l\u0131\u011f\u0131 teslimi zor [&hellip;]<\/p>\n","protected":false},"author":1,"featured_media":0,"parent":552,"menu_order":0,"comment_status":"closed","ping_status":"closed","template":"","meta":{"footnotes":""},"class_list":["post-1227","page","type-page","status-publish","hentry"],"_links":{"self":[{"href":"https:\/\/suadiyebilisim.com\/index.php\/wp-json\/wp\/v2\/pages\/1227","targetHints":{"allow":["GET"]}}],"collection":[{"href":"https:\/\/suadiyebilisim.com\/index.php\/wp-json\/wp\/v2\/pages"}],"about":[{"href":"https:\/\/suadiyebilisim.com\/index.php\/wp-json\/wp\/v2\/types\/page"}],"author":[{"embeddable":true,"href":"https:\/\/suadiyebilisim.com\/index.php\/wp-json\/wp\/v2\/users\/1"}],"replies":[{"embeddable":true,"href":"https:\/\/suadiyebilisim.com\/index.php\/wp-json\/wp\/v2\/comments?post=1227"}],"version-history":[{"count":4,"href":"https:\/\/suadiyebilisim.com\/index.php\/wp-json\/wp\/v2\/pages\/1227\/revisions"}],"predecessor-version":[{"id":1319,"href":"https:\/\/suadiyebilisim.com\/index.php\/wp-json\/wp\/v2\/pages\/1227\/revisions\/1319"}],"up":[{"embeddable":true,"href":"https:\/\/suadiyebilisim.com\/index.php\/wp-json\/wp\/v2\/pages\/552"}],"wp:attachment":[{"href":"https:\/\/suadiyebilisim.com\/index.php\/wp-json\/wp\/v2\/media?parent=1227"}],"curies":[{"name":"wp","href":"https:\/\/api.w.org\/{rel}","templated":true}]}}