{"id":1211,"date":"2022-02-14T20:07:16","date_gmt":"2022-02-14T20:07:16","guid":{"rendered":"https:\/\/suadiyedenetim.com.tr\/bilisim\/?page_id=1211"},"modified":"2022-02-15T18:48:44","modified_gmt":"2022-02-15T18:48:44","slug":"e-defter","status":"publish","type":"page","link":"https:\/\/suadiyebilisim.com\/index.php\/e-defter\/","title":{"rendered":"E-Defter"},"content":{"rendered":"<p>[vc_row][vc_column][vc_column_text]E-Defter, Vergi Usul Kanunu ve T\u00fcrk Ticaret Kanunu h\u00fck\u00fcmleri gere\u011fince tutulmas\u0131 zorunlu olan yevmiye ve kebir defterlerinin elektronik dosya bi\u00e7iminde haz\u0131rlanmas\u0131, bast\u0131r\u0131lmaks\u0131z\u0131n kaydedilmesi, elektronik imzalanarak Gelir \u0130daresi Ba\u015fkanl\u0131\u011f\u0131\u2019na g\u00f6nderilmesi ve Ba\u015fkanl\u0131k imzal\u0131 ve onayl\u0131 beratlar\u0131n al\u0131narak kaydedilmesidir.<\/p>\n<p>Elektronik defterlerin de\u011fi\u015fmezli\u011fi, b\u00fct\u00fcnl\u00fc\u011f\u00fc ve kayna\u011f\u0131n\u0131n do\u011frulu\u011fu garanti alt\u0131na al\u0131n\u0131r ve ilgililer nezdinde kesin delil olarak kullan\u0131l\u0131r.<\/p>\n<p>Bir firma, E-Defter uygulamas\u0131n\u0131 kullanmaya ba\u015flad\u0131ktan sonra i\u00e7eri\u011fi Gelir \u0130daresi Ba\u015fkanl\u0131\u011f\u0131\u2019na (G\u0130B) g\u00f6ndermez. Yani muhasebe kay\u0131tlar\u0131 G\u0130B\u2019 e aktar\u0131lmaz. Bunun yerine \u00f6zet olarak kabul edilen ve berat denilen bilgiler G\u0130B\u2019e g\u00f6nderilir.<\/p>\n<p>G\u0130B taraf\u0131ndan belirlenen format ve standartlara uygun olarak tutulan E-Defterler, k\u00e2\u011f\u0131t bask\u0131ya d\u00f6k\u00fclmeden kaydedilir, de\u011fi\u015fmezli\u011fi ve kayna\u011f\u0131n\u0131n g\u00fcvenilirli\u011fi garanti alt\u0131na al\u0131n\u0131r. Bunu da ger\u00e7ek ki\u015filer i\u00e7in elektronik imza, firmalar yani t\u00fczel ki\u015filer i\u00e7in de mali m\u00fch\u00fcr gibi uygulamalarla sa\u011flar.<\/p>\n<h4>K\u0130MLER E-DEFTER UYGULAMASINA GE\u00c7\u0130\u015e YAPAB\u0130L\u0130R?<\/h4>\n<p>Defterlerini elektronik ortamda olu\u015fturmak, kaydetmek, muhafaza ve ibraz etmek isteyen ger\u00e7ek ve t\u00fczel ki\u015fi herhangi bir ciro ya da fatura miktar s\u0131n\u0131rlamas\u0131 olmaks\u0131z\u0131n diledi\u011fi zaman E-Deftere ge\u00e7ebilir.<\/p>\n<p>\u0130ki t\u00fcr E-Defter kullan\u0131c\u0131s\u0131 vard\u0131r.<\/p>\n<p>Birinci t\u00fcr kullan\u0131c\u0131lar zorunluluk kapsam\u0131nda E- Deftere ge\u00e7i\u015f yapan kullan\u0131c\u0131lar. E\u011fer siz de devlet taraf\u0131ndan a\u00e7\u0131klanan y\u0131ll\u0131k ciro limitini a\u015ft\u0131ysan\u0131z, zorunlu E-Fatura m\u00fckellefi olursunuz ve takip eden sene ba\u015f\u0131 itibariyle E- Deftere ge\u00e7i\u015finizi tamamlaman\u0131z gerekmektedir.<\/p>\n<p>\u0130kinci t\u00fcr ise g\u00f6n\u00fcll\u00fc E-Defter kullan\u0131c\u0131s\u0131d\u0131r.<\/p>\n<h4>E-DEFTERDE MAL\u0130 M\u00dcH\u00dcR, E-\u0130MZA VE ZAMAN DAMGASI KULLANIMI<\/h4>\n<p>Elektronik belgelerin yasal olarak ge\u00e7erli olabilmeleri i\u00e7in firmalar, mali m\u00fch\u00fcr isimli bir elektronik sertifika ve ki\u015filer ise elektronik imza sertifikas\u0131 al\u0131rlar. Bu sertifikalar, E-Defter belgelerinin yasal ge\u00e7erlili\u011fini ve veri b\u00fct\u00fcnl\u00fc\u011f\u00fcn\u00fc garanti alt\u0131na al\u0131r.<\/p>\n<p>\u015e\u00f6yle ki, G\u0130B taraf\u0131ndan belirlenen standartlara uygun \u015fekilde haz\u0131rlanan E-Defterlerin ge\u00e7erlilik kazanabilmesi i\u00e7in defter bilgileri, firma bilgileri, mali m\u00fc\u015favir bilgileri ve vergi detaylar\u0131yla birlikte mali m\u00fch\u00fcr ile birlikte belli bir formatta G\u0130B\u2019 e iletilmesidir. B\u00f6ylece berat dosyas\u0131 G\u0130B Portale y\u00fcklenerek G\u0130B taraf\u0131ndan m\u00fch\u00fcrlenmesi ve b\u00f6ylece yasal duruma gelmesi sa\u011flan\u0131r.<\/p>\n<p>E-Fatura uygulamas\u0131 i\u00e7in al\u0131nan mali m\u00fchr\u00fc ve elektronik imzay\u0131 E-Defter i\u00e7in de kullanmak m\u00fcmk\u00fcnd\u00fcr. M\u00fckelleflerin yetki vermeleri durumunda elektronik defterler mali m\u00fc\u015favirler veya \u00f6zel entegrat\u00f6rler taraf\u0131ndan imzalanabilir.<\/p>\n<p>M\u00fckellefler de haz\u0131rlad\u0131klar\u0131 E-Defterleri belirlenen s\u00fcreler i\u00e7erisinde G\u0130B\u2019 e ilettiklerini kan\u0131tlamak i\u00e7in iste\u011fe ba\u011fl\u0131 olarak zaman damgal\u0131 berat dosyas\u0131 kullanabilirler. \u00c7\u00fcnk\u00fc zaman a\u015f\u0131m\u0131 durumunda G\u0130B taraf\u0131ndan E-Defter berat\u0131 g\u00f6ndermeme cezas\u0131 uygulanabilir.<\/p>\n<p>Bilindi\u011fi \u00fczere; belirli bir verinin, belirli bir tarihte var oldu\u011funu kan\u0131tlamaya yarayan zaman damgas\u0131, herhangi bir E-S\u00f6zle\u015fmenin ya da E-Belge\u2019 nin imzaland\u0131\u011f\u0131, transfer edildi\u011fi, ba\u015fvurusunun yap\u0131ld\u0131\u011f\u0131 tarihi ve saati vurgulamaya ve onaylamaya yarar.<\/p>\n<h4>E-DEFTER NE \u0130\u015eE YARAR? B\u0130ZE NE KAZANDIRIR?<\/h4>\n<p>Daha \u00f6nceden k\u00e2\u011f\u0131tlara yaz\u0131lan ve onay gerektiren Yevmiye ve B\u00fcy\u00fck Defter (Defteri Kebir) art\u0131k firma b\u00fcnyesinde elektronik ortamda olu\u015fturulacak ve berat\u0131 G\u0130B taraf\u0131ndan onaylanacakt\u0131r. Bu sayede hem zamandan kazan\u0131lacak hem de onay ve k\u0131rtasiye giderlerinden tasarruf edilecektir.<\/p>\n<p>E-Defter s\u00fcrecinde E-Defter i\u00e7eri\u011fi Gelirler \u0130daresi Ba\u015fkanl\u0131\u011f\u0131na g\u00f6nderilmez. Yaln\u0131zca berat ad\u0131 verilen \u00f6zet bilgi Gelirler \u0130daresi Ba\u015fkanl\u0131\u011f\u0131na g\u00f6nderilir.[\/vc_column_text][\/vc_column][\/vc_row]<\/p>\n","protected":false},"excerpt":{"rendered":"<p>[vc_row][vc_column][vc_column_text]E-Defter, Vergi Usul Kanunu ve T\u00fcrk Ticaret Kanunu h\u00fck\u00fcmleri gere\u011fince tutulmas\u0131 zorunlu olan yevmiye ve kebir defterlerinin elektronik dosya bi\u00e7iminde haz\u0131rlanmas\u0131, bast\u0131r\u0131lmaks\u0131z\u0131n kaydedilmesi, elektronik imzalanarak Gelir \u0130daresi Ba\u015fkanl\u0131\u011f\u0131\u2019na g\u00f6nderilmesi ve Ba\u015fkanl\u0131k imzal\u0131 ve onayl\u0131 beratlar\u0131n al\u0131narak kaydedilmesidir. Elektronik defterlerin de\u011fi\u015fmezli\u011fi, b\u00fct\u00fcnl\u00fc\u011f\u00fc ve kayna\u011f\u0131n\u0131n do\u011frulu\u011fu garanti alt\u0131na al\u0131n\u0131r ve ilgililer nezdinde kesin delil olarak kullan\u0131l\u0131r. Bir [&hellip;]<\/p>\n","protected":false},"author":1,"featured_media":0,"parent":0,"menu_order":0,"comment_status":"closed","ping_status":"closed","template":"","meta":{"footnotes":""},"class_list":["post-1211","page","type-page","status-publish","hentry"],"_links":{"self":[{"href":"https:\/\/suadiyebilisim.com\/index.php\/wp-json\/wp\/v2\/pages\/1211","targetHints":{"allow":["GET"]}}],"collection":[{"href":"https:\/\/suadiyebilisim.com\/index.php\/wp-json\/wp\/v2\/pages"}],"about":[{"href":"https:\/\/suadiyebilisim.com\/index.php\/wp-json\/wp\/v2\/types\/page"}],"author":[{"embeddable":true,"href":"https:\/\/suadiyebilisim.com\/index.php\/wp-json\/wp\/v2\/users\/1"}],"replies":[{"embeddable":true,"href":"https:\/\/suadiyebilisim.com\/index.php\/wp-json\/wp\/v2\/comments?post=1211"}],"version-history":[{"count":4,"href":"https:\/\/suadiyebilisim.com\/index.php\/wp-json\/wp\/v2\/pages\/1211\/revisions"}],"predecessor-version":[{"id":1277,"href":"https:\/\/suadiyebilisim.com\/index.php\/wp-json\/wp\/v2\/pages\/1211\/revisions\/1277"}],"wp:attachment":[{"href":"https:\/\/suadiyebilisim.com\/index.php\/wp-json\/wp\/v2\/media?parent=1211"}],"curies":[{"name":"wp","href":"https:\/\/api.w.org\/{rel}","templated":true}]}}