{"id":1207,"date":"2022-02-14T20:06:10","date_gmt":"2022-02-14T20:06:10","guid":{"rendered":"https:\/\/suadiyedenetim.com.tr\/bilisim\/?page_id=1207"},"modified":"2022-02-14T21:57:25","modified_gmt":"2022-02-14T21:57:25","slug":"e-arsiv-fatura","status":"publish","type":"page","link":"https:\/\/suadiyebilisim.com\/index.php\/hizmetler\/e-arsiv-fatura\/","title":{"rendered":"E-Ar\u015fiv Fatura"},"content":{"rendered":"<p>[vc_row][vc_column][vc_column_text]Firmalar\u0131n E-Faturaya ge\u00e7memi\u015f kurumsal ve bireysel m\u00fc\u015fterilerinin bildirdikleri herhangi bir mail adresine ya da SMS numaras\u0131na PDF format\u0131nda g\u00f6nderilen ve 10 y\u0131l boyunca elektronik ortamda online eri\u015fime a\u00e7\u0131k saklanan dijital fatura tipidir.<\/p>\n<p>M\u00fckellefler E-Ar\u015fiv Fatura uygulamas\u0131n\u0131, kendi bilgi i\u015flem sistemi veya Ba\u015fkanl\u0131ktan izin alm\u0131\u015f \u00f6zel entegrat\u00f6r bilgi i\u015flem sistemi \u00fczerinden olmak \u00fczere iki y\u00f6ntemle kullanabilirler.<\/p>\n<p>E-Fatura m\u00fckellefleri ile E-Ar\u015fiv Fatura m\u00fckellefleri birebir ayn\u0131d\u0131r.<\/p>\n<h4>E-FATURA \u0130LE E-AR\u015e\u0130V FATURA ARASINDAK\u0130 FARK NED\u0130R?<\/h4>\n<ul class=\"disc-list\">\n<li>E-Fatura sadece E-Faturaya ge\u00e7mi\u015f m\u00fckelleflere g\u00f6nderilir.<\/li>\n<li>E-Ar\u015fiv Fatura, E-Fatura ge\u00e7meyen t\u00fcm kurumlara ve bireylere g\u00f6nderilir.<\/li>\n<li>E-Fatura G\u0130B \u00fczerinden muhatab\u0131na E-Fatura kapal\u0131 devre sistem \u00fczerinden ula\u015ft\u0131r\u0131l\u0131r, g\u00f6nderici ve al\u0131c\u0131 bu sistem \u00fczerinden kullan\u0131c\u0131lar\u0131yla i\u015flem yapabilirler, dolay\u0131s\u0131yla G\u0130B an\u0131nda haberdar olur, iptal edilemez, ancak muhatap ret ya da iade yapabilir.<\/li>\n<li>E-Ar\u015fiv Fatura muhatab\u0131na mail ya da SMS ile ula\u015ft\u0131r\u0131l\u0131r, G\u0130B\u2019e bir sonraki g\u00fcn saat 24:00&#8217;de kadar raporlan\u0131r.<\/li>\n<\/ul>\n<h4>K\u0130MLER E-AR\u015e\u0130V FATURA UYGULAMASINA GE\u00c7EB\u0130L\u0130R?<\/h4>\n<p>Herhangi bir ciro ya da fatura miktar s\u0131n\u0131rlamas\u0131 olmaks\u0131z\u0131n isteyen firma diledi\u011fi zaman E-Ar\u015fiv Faturaya ge\u00e7ebilir. \u0130ki t\u00fcr E-Ar\u015fiv Fatura kullan\u0131c\u0131s\u0131 vard\u0131r;<\/p>\n<p>Birinci t\u00fcr kullan\u0131c\u0131lar zorunluluk kapsam\u0131nda E-Ar\u015fiv Faturaya ge\u00e7i\u015f yapan kullan\u0131c\u0131lar. E\u011fer siz de devlet taraf\u0131ndan a\u00e7\u0131klanan y\u0131ll\u0131k ciro limitini a\u015ft\u0131ysan\u0131z, zorunlu E-Fatura m\u00fckellefi olursunuz ve takip eden sene ba\u015f\u0131 itibariyle E-Faturaya ge\u00e7i\u015finizi tamamlaman\u0131z gerekmektedir.<\/p>\n<p>\u0130kinci t\u00fcr ise g\u00f6n\u00fcll\u00fc E-Fatura kullan\u0131c\u0131s\u0131d\u0131r. \u00d6zellikle e-ticaret yapan, kargo ile fatura g\u00f6nderen, yeni i\u015f kurup fatura ve k\u00e2\u011f\u0131t masraf\u0131ndan tasarruf etmek isteyen, ar\u015fivleme, operasyonel i\u015f g\u00fcc\u00fcn\u00fc azaltmak isteyen ve profesyonellik kazanmak isteyen i\u015fletmeler sa\u011flad\u0131\u011f\u0131 avantajlardan dolay\u0131 E-Ar\u015fiv Faturay\u0131 tercih eden t\u00fcm firmalar E-Ar\u015fiv Faturaya ge\u00e7i\u015f yapabilir.[\/vc_column_text][\/vc_column][\/vc_row]<\/p>\n","protected":false},"excerpt":{"rendered":"<p>[vc_row][vc_column][vc_column_text]Firmalar\u0131n E-Faturaya ge\u00e7memi\u015f kurumsal ve bireysel m\u00fc\u015fterilerinin bildirdikleri herhangi bir mail adresine ya da SMS numaras\u0131na PDF format\u0131nda g\u00f6nderilen ve 10 y\u0131l boyunca elektronik ortamda online eri\u015fime a\u00e7\u0131k saklanan dijital fatura tipidir. M\u00fckellefler E-Ar\u015fiv Fatura uygulamas\u0131n\u0131, kendi bilgi i\u015flem sistemi veya Ba\u015fkanl\u0131ktan izin alm\u0131\u015f \u00f6zel entegrat\u00f6r bilgi i\u015flem sistemi \u00fczerinden olmak \u00fczere iki y\u00f6ntemle kullanabilirler. [&hellip;]<\/p>\n","protected":false},"author":1,"featured_media":0,"parent":552,"menu_order":0,"comment_status":"closed","ping_status":"closed","template":"","meta":{"footnotes":""},"class_list":["post-1207","page","type-page","status-publish","hentry"],"_links":{"self":[{"href":"https:\/\/suadiyebilisim.com\/index.php\/wp-json\/wp\/v2\/pages\/1207","targetHints":{"allow":["GET"]}}],"collection":[{"href":"https:\/\/suadiyebilisim.com\/index.php\/wp-json\/wp\/v2\/pages"}],"about":[{"href":"https:\/\/suadiyebilisim.com\/index.php\/wp-json\/wp\/v2\/types\/page"}],"author":[{"embeddable":true,"href":"https:\/\/suadiyebilisim.com\/index.php\/wp-json\/wp\/v2\/users\/1"}],"replies":[{"embeddable":true,"href":"https:\/\/suadiyebilisim.com\/index.php\/wp-json\/wp\/v2\/comments?post=1207"}],"version-history":[{"count":3,"href":"https:\/\/suadiyebilisim.com\/index.php\/wp-json\/wp\/v2\/pages\/1207\/revisions"}],"predecessor-version":[{"id":1271,"href":"https:\/\/suadiyebilisim.com\/index.php\/wp-json\/wp\/v2\/pages\/1207\/revisions\/1271"}],"up":[{"embeddable":true,"href":"https:\/\/suadiyebilisim.com\/index.php\/wp-json\/wp\/v2\/pages\/552"}],"wp:attachment":[{"href":"https:\/\/suadiyebilisim.com\/index.php\/wp-json\/wp\/v2\/media?parent=1207"}],"curies":[{"name":"wp","href":"https:\/\/api.w.org\/{rel}","templated":true}]}}